{"id":1644,"date":"2021-10-20T12:57:59","date_gmt":"2021-10-20T12:57:59","guid":{"rendered":"https:\/\/2021.smartravel.pt\/portfolio\/vitor-moreira-head-of-smart-cities-famalicao\/"},"modified":"2021-11-24T10:04:15","modified_gmt":"2021-11-24T10:04:15","slug":"vitor-moreira-head-of-smart-cities-famalicao","status":"publish","type":"jetpack-portfolio","link":"https:\/\/2021.smartravel.pt\/pt-pt\/portfolio\/vitor-moreira-head-of-smart-cities-famalicao\/","title":{"rendered":"Vitor Moreira &#8211; Head of Smart Cities Famalic\u00e3o"},"content":{"rendered":"<p>V\u00edtor Moreira \u00e9 atualmente o Diretor Geral do Munic\u00edpio de Vila Nova de Famalic\u00e3o, sendo tamb\u00e9m respons\u00e1vel pelo desenvolvimento do projeto Smart City, atrav\u00e9s do programa B-Smart Famalic\u00e3o. \u00c9 ainda respons\u00e1vel pela contrata\u00e7\u00e3o p\u00fablica do munic\u00edpio, tendo participado no projeto de cria\u00e7\u00e3o do Centro de Compet\u00eancias em Compras P\u00fablicas de Inova\u00e7\u00e3o, entidade respons\u00e1vel por desenvolver modelos capazes de geral inova\u00e7\u00e3o para e com as Smart Cities. \u00c9 ainda respons\u00e1vel pela implementa\u00e7\u00e3o da agenda 2030 (Objetivos de Desenvolvimento Sustent\u00e1vel) no munic\u00edpio de Vila Nova de Famalic\u00e3o.<\/p>\n","protected":false},"excerpt":{"rendered":"<p>V&iacute;tor Moreira &eacute; atualmente o Diretor Geral do Munic&iacute;pio de Vila Nova de Famalic&atilde;o, sendo tamb&eacute;m respons&aacute;vel pelo desenvolvimento do<\/p>\n<p><a href=\"https:\/\/2021.smartravel.pt\/pt-pt\/portfolio\/vitor-moreira-head-of-smart-cities-famalicao\/\" class=\"more-link\">Continue reading<span class=\"screen-reader-text\">Vitor Moreira &#8211; Head of Smart Cities Famalic\u00e3o<\/span><\/a><\/p>\n","protected":false},"author":1,"featured_media":1643,"comment_status":"open","ping_status":"closed","template":"","meta":{"_links_to":"","_links_to_target":""},"jetpack-portfolio-type":[2],"jetpack-portfolio-tag":[],"yoast_head":"<!-- This site is optimized with the Yoast SEO plugin v17.7.1 - https:\/\/yoast.com\/wordpress\/plugins\/seo\/ -->\n<title>Vitor Moreira - Head of Smart Cities Famalic\u00e3o - Smart Travel 2021<\/title>\n<meta name=\"robots\" content=\"index, follow, max-snippet:-1, max-image-preview:large, max-video-preview:-1\" \/>\n<link rel=\"canonical\" href=\"https:\/\/2021.smartravel.pt\/pt-pt\/portfolio\/vitor-moreira-head-of-smart-cities-famalicao\/\" \/>\n<meta property=\"og:locale\" content=\"pt_PT\" \/>\n<meta property=\"og:type\" content=\"article\" \/>\n<meta property=\"og:title\" content=\"Vitor Moreira - Head of Smart Cities Famalic\u00e3o - Smart Travel 2021\" \/>\n<meta property=\"og:description\" content=\"V&iacute;tor Moreira &eacute; atualmente o Diretor Geral do Munic&iacute;pio de Vila Nova de Famalic&atilde;o, sendo tamb&eacute;m respons&aacute;vel pelo desenvolvimento doContinue readingVitor Moreira &#8211; Head of Smart Cities Famalic\u00e3o\" \/>\n<meta property=\"og:url\" content=\"https:\/\/2021.smartravel.pt\/pt-pt\/portfolio\/vitor-moreira-head-of-smart-cities-famalicao\/\" \/>\n<meta property=\"og:site_name\" content=\"Smart Travel 2021\" \/>\n<meta property=\"article:publisher\" content=\"https:\/\/www.facebook.com\/smartravelevent\/\" \/>\n<meta property=\"article:modified_time\" content=\"2021-11-24T10:04:15+00:00\" \/>\n<meta property=\"og:image\" content=\"https:\/\/2021.smartravel.pt\/wp-content\/uploads\/2021\/10\/vitor-moreira.jpg\" \/>\n\t<meta property=\"og:image:width\" content=\"800\" \/>\n\t<meta property=\"og:image:height\" content=\"800\" \/>\n<meta name=\"twitter:card\" content=\"summary_large_image\" \/>\n<meta name=\"twitter:site\" content=\"@smartravel\" \/>\n<meta name=\"twitter:label1\" content=\"Tempo estimado de leitura\" \/>\n\t<meta name=\"twitter:data1\" content=\"1 minuto\" \/>\n<script type=\"application\/ld+json\" class=\"yoast-schema-graph\">{\"@context\":\"https:\/\/schema.org\",\"@graph\":[{\"@type\":\"WebSite\",\"@id\":\"https:\/\/2021.smartravel.pt\/#website\",\"url\":\"https:\/\/2021.smartravel.pt\/\",\"name\":\"Smart Travel 2021\",\"description\":\"Festival of Intelligence\",\"potentialAction\":[{\"@type\":\"SearchAction\",\"target\":{\"@type\":\"EntryPoint\",\"urlTemplate\":\"https:\/\/2021.smartravel.pt\/?s={search_term_string}\"},\"query-input\":\"required name=search_term_string\"}],\"inLanguage\":\"pt-PT\"},{\"@type\":\"ImageObject\",\"@id\":\"https:\/\/2021.smartravel.pt\/pt-pt\/portfolio\/vitor-moreira-head-of-smart-cities-famalicao\/#primaryimage\",\"inLanguage\":\"pt-PT\",\"url\":\"https:\/\/2021.smartravel.pt\/wp-content\/uploads\/2021\/10\/vitor-moreira.jpg\",\"contentUrl\":\"https:\/\/2021.smartravel.pt\/wp-content\/uploads\/2021\/10\/vitor-moreira.jpg\",\"width\":800,\"height\":800},{\"@type\":\"WebPage\",\"@id\":\"https:\/\/2021.smartravel.pt\/pt-pt\/portfolio\/vitor-moreira-head-of-smart-cities-famalicao\/#webpage\",\"url\":\"https:\/\/2021.smartravel.pt\/pt-pt\/portfolio\/vitor-moreira-head-of-smart-cities-famalicao\/\",\"name\":\"Vitor Moreira - Head of Smart Cities Famalic\\u00e3o - Smart Travel 2021\",\"isPartOf\":{\"@id\":\"https:\/\/2021.smartravel.pt\/#website\"},\"primaryImageOfPage\":{\"@id\":\"https:\/\/2021.smartravel.pt\/pt-pt\/portfolio\/vitor-moreira-head-of-smart-cities-famalicao\/#primaryimage\"},\"datePublished\":\"2021-10-20T12:57:59+00:00\",\"dateModified\":\"2021-11-24T10:04:15+00:00\",\"breadcrumb\":{\"@id\":\"https:\/\/2021.smartravel.pt\/pt-pt\/portfolio\/vitor-moreira-head-of-smart-cities-famalicao\/#breadcrumb\"},\"inLanguage\":\"pt-PT\",\"potentialAction\":[{\"@type\":\"ReadAction\",\"target\":[\"https:\/\/2021.smartravel.pt\/pt-pt\/portfolio\/vitor-moreira-head-of-smart-cities-famalicao\/\"]}]},{\"@type\":\"BreadcrumbList\",\"@id\":\"https:\/\/2021.smartravel.pt\/pt-pt\/portfolio\/vitor-moreira-head-of-smart-cities-famalicao\/#breadcrumb\",\"itemListElement\":[{\"@type\":\"ListItem\",\"position\":1,\"name\":\"In\\u00edcio\",\"item\":\"https:\/\/2021.smartravel.pt\/pt-pt\/\"},{\"@type\":\"ListItem\",\"position\":2,\"name\":\"Projects\",\"item\":\"https:\/\/2021.smartravel.pt\/pt-pt\/portfolio\/\"},{\"@type\":\"ListItem\",\"position\":3,\"name\":\"Vitor Moreira &#8211; Head of Smart Cities Famalic\\u00e3o\"}]}]}<\/script>\n<!-- \/ Yoast SEO plugin. -->","yoast_head_json":{"title":"Vitor Moreira - Head of Smart Cities Famalic\u00e3o - Smart Travel 2021","robots":{"index":"index","follow":"follow","max-snippet":"max-snippet:-1","max-image-preview":"max-image-preview:large","max-video-preview":"max-video-preview:-1"},"canonical":"https:\/\/2021.smartravel.pt\/pt-pt\/portfolio\/vitor-moreira-head-of-smart-cities-famalicao\/","og_locale":"pt_PT","og_type":"article","og_title":"Vitor Moreira - Head of Smart Cities Famalic\u00e3o - Smart Travel 2021","og_description":"V&iacute;tor Moreira &eacute; atualmente o Diretor Geral do Munic&iacute;pio de Vila Nova de Famalic&atilde;o, sendo tamb&eacute;m respons&aacute;vel pelo desenvolvimento doContinue readingVitor Moreira &#8211; Head of Smart Cities Famalic\u00e3o","og_url":"https:\/\/2021.smartravel.pt\/pt-pt\/portfolio\/vitor-moreira-head-of-smart-cities-famalicao\/","og_site_name":"Smart Travel 2021","article_publisher":"https:\/\/www.facebook.com\/smartravelevent\/","article_modified_time":"2021-11-24T10:04:15+00:00","og_image":[{"width":800,"height":800,"url":"https:\/\/2021.smartravel.pt\/wp-content\/uploads\/2021\/10\/vitor-moreira.jpg","type":"image\/jpeg"}],"twitter_card":"summary_large_image","twitter_site":"@smartravel","twitter_misc":{"Tempo estimado de leitura":"1 minuto"},"schema":{"@context":"https:\/\/schema.org","@graph":[{"@type":"WebSite","@id":"https:\/\/2021.smartravel.pt\/#website","url":"https:\/\/2021.smartravel.pt\/","name":"Smart Travel 2021","description":"Festival of Intelligence","potentialAction":[{"@type":"SearchAction","target":{"@type":"EntryPoint","urlTemplate":"https:\/\/2021.smartravel.pt\/?s={search_term_string}"},"query-input":"required name=search_term_string"}],"inLanguage":"pt-PT"},{"@type":"ImageObject","@id":"https:\/\/2021.smartravel.pt\/pt-pt\/portfolio\/vitor-moreira-head-of-smart-cities-famalicao\/#primaryimage","inLanguage":"pt-PT","url":"https:\/\/2021.smartravel.pt\/wp-content\/uploads\/2021\/10\/vitor-moreira.jpg","contentUrl":"https:\/\/2021.smartravel.pt\/wp-content\/uploads\/2021\/10\/vitor-moreira.jpg","width":800,"height":800},{"@type":"WebPage","@id":"https:\/\/2021.smartravel.pt\/pt-pt\/portfolio\/vitor-moreira-head-of-smart-cities-famalicao\/#webpage","url":"https:\/\/2021.smartravel.pt\/pt-pt\/portfolio\/vitor-moreira-head-of-smart-cities-famalicao\/","name":"Vitor Moreira - Head of Smart Cities Famalic\u00e3o - Smart Travel 2021","isPartOf":{"@id":"https:\/\/2021.smartravel.pt\/#website"},"primaryImageOfPage":{"@id":"https:\/\/2021.smartravel.pt\/pt-pt\/portfolio\/vitor-moreira-head-of-smart-cities-famalicao\/#primaryimage"},"datePublished":"2021-10-20T12:57:59+00:00","dateModified":"2021-11-24T10:04:15+00:00","breadcrumb":{"@id":"https:\/\/2021.smartravel.pt\/pt-pt\/portfolio\/vitor-moreira-head-of-smart-cities-famalicao\/#breadcrumb"},"inLanguage":"pt-PT","potentialAction":[{"@type":"ReadAction","target":["https:\/\/2021.smartravel.pt\/pt-pt\/portfolio\/vitor-moreira-head-of-smart-cities-famalicao\/"]}]},{"@type":"BreadcrumbList","@id":"https:\/\/2021.smartravel.pt\/pt-pt\/portfolio\/vitor-moreira-head-of-smart-cities-famalicao\/#breadcrumb","itemListElement":[{"@type":"ListItem","position":1,"name":"In\u00edcio","item":"https:\/\/2021.smartravel.pt\/pt-pt\/"},{"@type":"ListItem","position":2,"name":"Projects","item":"https:\/\/2021.smartravel.pt\/pt-pt\/portfolio\/"},{"@type":"ListItem","position":3,"name":"Vitor Moreira &#8211; Head of Smart Cities Famalic\u00e3o"}]}]}},"_links":{"self":[{"href":"https:\/\/2021.smartravel.pt\/pt-pt\/wp-json\/wp\/v2\/jetpack-portfolio\/1644"}],"collection":[{"href":"https:\/\/2021.smartravel.pt\/pt-pt\/wp-json\/wp\/v2\/jetpack-portfolio"}],"about":[{"href":"https:\/\/2021.smartravel.pt\/pt-pt\/wp-json\/wp\/v2\/types\/jetpack-portfolio"}],"author":[{"embeddable":true,"href":"https:\/\/2021.smartravel.pt\/pt-pt\/wp-json\/wp\/v2\/users\/1"}],"replies":[{"embeddable":true,"href":"https:\/\/2021.smartravel.pt\/pt-pt\/wp-json\/wp\/v2\/comments?post=1644"}],"wp:featuredmedia":[{"embeddable":true,"href":"https:\/\/2021.smartravel.pt\/pt-pt\/wp-json\/wp\/v2\/media\/1643"}],"wp:attachment":[{"href":"https:\/\/2021.smartravel.pt\/pt-pt\/wp-json\/wp\/v2\/media?parent=1644"}],"wp:term":[{"taxonomy":"jetpack-portfolio-type","embeddable":true,"href":"https:\/\/2021.smartravel.pt\/pt-pt\/wp-json\/wp\/v2\/jetpack-portfolio-type?post=1644"},{"taxonomy":"jetpack-portfolio-tag","embeddable":true,"href":"https:\/\/2021.smartravel.pt\/pt-pt\/wp-json\/wp\/v2\/jetpack-portfolio-tag?post=1644"}],"curies":[{"name":"wp","href":"https:\/\/api.w.org\/{rel}","templated":true}]}}

Vitor Moreira &#8211; Head of Smart Cities Famalicão

<p>Vítor Moreira é atualmente o Diretor Geral do Município de Vila Nova de Famalicão, sendo também responsável pelo desenvolvimento do projeto Smart City, através do programa B-Smart Famalicão. É ainda responsável pela contratação pública do município, tendo participado no projeto de criação do Centro de Competências em Compras Públicas de Inovação, entidade responsável por desenvolver modelos capazes de geral inovação para e com as Smart Cities. É ainda responsável pela implementação da agenda 2030 (Objetivos de Desenvolvimento Sustentável) no município de Vila Nova de Famalicão.</p>

<p>V&iacute;tor Moreira &eacute; atualmente o Diretor Geral do Munic&iacute;pio de Vila Nova de Famalic&atilde;o, sendo tamb&eacute;m respons&aacute;vel pelo desenvolvimento do</p>
<p><a href="https://2021.smartravel.pt/pt-pt/portfolio/vitor-moreira-head-of-smart-cities-famalicao/" class="more-link">Continue reading<span class="screen-reader-text">Vitor Moreira &#8211; Head of Smart Cities Famalicão</span></a></p>

<!-- This site is optimized with the Yoast SEO plugin v17.7.1 - https://yoast.com/wordpress/plugins/seo/ -->
<title>Vitor Moreira - Head of Smart Cities Famalicão - Smart Travel 2021</title>
<meta name="robots" content="index, follow, max-snippet:-1, max-image-preview:large, max-video-preview:-1" />
<link rel="canonical" href="https://2021.smartravel.pt/pt-pt/portfolio/vitor-moreira-head-of-smart-cities-famalicao/" />
<meta property="og:locale" content="pt_PT" />
<meta property="og:type" content="article" />
<meta property="og:title" content="Vitor Moreira - Head of Smart Cities Famalicão - Smart Travel 2021" />
<meta property="og:description" content="V&iacute;tor Moreira &eacute; atualmente o Diretor Geral do Munic&iacute;pio de Vila Nova de Famalic&atilde;o, sendo tamb&eacute;m respons&aacute;vel pelo desenvolvimento doContinue readingVitor Moreira &#8211; Head of Smart Cities Famalicão" />
<meta property="og:url" content="https://2021.smartravel.pt/pt-pt/portfolio/vitor-moreira-head-of-smart-cities-famalicao/" />
<meta property="og:site_name" content="Smart Travel 2021" />
<meta property="article:publisher" content="https://www.facebook.com/smartravelevent/" />
<meta property="article:modified_time" content="2021-11-24T10:04:15+00:00" />
<meta property="og:image" content="https://2021.smartravel.pt/wp-content/uploads/2021/10/vitor-moreira.jpg" />
	<meta property="og:image:width" content="800" />
	<meta property="og:image:height" content="800" />
<meta name="twitter:card" content="summary_large_image" />
<meta name="twitter:site" content="@smartravel" />
<meta name="twitter:label1" content="Tempo estimado de leitura" />
	<meta name="twitter:data1" content="1 minuto" />
<script type="application/ld+json" class="yoast-schema-graph">{"@context":"https://schema.org","@graph":[{"@type":"WebSite","@id":"https://2021.smartravel.pt/#website","url":"https://2021.smartravel.pt/","name":"Smart Travel 2021","description":"Festival of Intelligence","potentialAction":[{"@type":"SearchAction","target":{"@type":"EntryPoint","urlTemplate":"https://2021.smartravel.pt/?s={search_term_string}"},"query-input":"required name=search_term_string"}],"inLanguage":"pt-PT"},{"@type":"ImageObject","@id":"https://2021.smartravel.pt/pt-pt/portfolio/vitor-moreira-head-of-smart-cities-famalicao/#primaryimage","inLanguage":"pt-PT","url":"https://2021.smartravel.pt/wp-content/uploads/2021/10/vitor-moreira.jpg","contentUrl":"https://2021.smartravel.pt/wp-content/uploads/2021/10/vitor-moreira.jpg","width":800,"height":800},{"@type":"WebPage","@id":"https://2021.smartravel.pt/pt-pt/portfolio/vitor-moreira-head-of-smart-cities-famalicao/#webpage","url":"https://2021.smartravel.pt/pt-pt/portfolio/vitor-moreira-head-of-smart-cities-famalicao/","name":"Vitor Moreira - Head of Smart Cities Famalic\u00e3o - Smart Travel 2021","isPartOf":{"@id":"https://2021.smartravel.pt/#website"},"primaryImageOfPage":{"@id":"https://2021.smartravel.pt/pt-pt/portfolio/vitor-moreira-head-of-smart-cities-famalicao/#primaryimage"},"datePublished":"2021-10-20T12:57:59+00:00","dateModified":"2021-11-24T10:04:15+00:00","breadcrumb":{"@id":"https://2021.smartravel.pt/pt-pt/portfolio/vitor-moreira-head-of-smart-cities-famalicao/#breadcrumb"},"inLanguage":"pt-PT","potentialAction":[{"@type":"ReadAction","target":["https://2021.smartravel.pt/pt-pt/portfolio/vitor-moreira-head-of-smart-cities-famalicao/"]}]},{"@type":"BreadcrumbList","@id":"https://2021.smartravel.pt/pt-pt/portfolio/vitor-moreira-head-of-smart-cities-famalicao/#breadcrumb","itemListElement":[{"@type":"ListItem","position":1,"name":"In\u00edcio","item":"https://2021.smartravel.pt/pt-pt/"},{"@type":"ListItem","position":2,"name":"Projects","item":"https://2021.smartravel.pt/pt-pt/portfolio/"},{"@type":"ListItem","position":3,"name":"Vitor Moreira &#8211; Head of Smart Cities Famalic\u00e3o"}]}]}</script>
<!-- / Yoast SEO plugin. -->

Vitor Moreira - Head of Smart Cities Famalicão - Smart Travel 2021

V&iacute;tor Moreira &eacute; atualmente o Diretor Geral do Munic&iacute;pio de Vila Nova de Famalic&atilde;o, sendo tamb&eacute;m respons&aacute;vel pelo desenvolvimento doContinue readingVitor Moreira &#8211; Head of Smart Cities Famalicão

Início
